greatest common divisor of 45 and 25.
5
What is the highest common divisor of 275 and 25?
25
Calculate the greatest common factor of 231 and 29183.
77
What is the highest common divisor of 88 and 256?
8
Calculate the greatest common factor of 30 and 310.
10
Calculate the highest common factor of 166 and 166.
166
What is the greatest common factor of 209 and 1539?
19
What is the highest common divisor of 133 and 19?
19
What is the greatest common divisor of 390 and 120?
30
Calculate the highest common divisor of 24 and 24.
24
Calculate the highest common factor of 350 and 28.
14
What is the highest common factor of 572 and 1276?
44
What is the highest common divisor of 35 and 40?
5
Calculate the greatest common factor of 380 and 90.
10
What is the highest common divisor of 50 and 90?
10
Calculate the highest common divisor of 30 and 726.
6
Calculate the greatest common factor of 304 and 9652.
76
Calculate the greatest common divisor of 824 and 4841.
103
What is the greatest common divisor of 8649 and 9?
9
What is the highest common divisor of 39 and 923?
13
What is the greatest common factor of 18 and 855?
9
Calculate the highest common divisor of 14 and 399.
7
Calculate the greatest common factor of 24 and 156.
12
Calculate the highest common divisor of 1519 and 1116.
31
What is the greatest common divisor of 78 and 12?
6
Calculate the highest common divisor of 20631 and 39.
39
What is the greatest common divisor of 2573 and 31?
31
What is the highest common divisor of 236 and 4?
4
What is the highest common factor of 5 and 245?
5
Calculate the greatest common factor of 168 and 72.
24
Calculate the highest common divisor of 572 and 352.
44
What is the highest common factor of 4 and 484?
4
Calculate the greatest common divisor of 496 and 3906.
62
What is the greatest common factor of 17 and 374?
17
What is the highest common divisor of 656 and 246?
82
Calculate the greatest common divisor of 286 and 66.
22
Calculate the greatest common factor of 22 and 4.
2
Calculate the highest common factor of 476 and 56.
28
What is the greatest common divisor of 210 and 910?
70
Calculate the highest common divisor of 2853 and 9.
9
What is the greatest common factor of 32490 and 12?
6
What is the greatest common divisor of 3843 and 61?
61
What is the highest common divisor of 60 and 852?
12
Calculate the highest common divisor of 972 and 396.
36
What is the greatest common divisor of 54 and 594?
54
What is the greatest common factor of 1 and 8?
1
Calculate the greatest common factor of 670 and 67.
67
Calculate the greatest common factor of 17 and 697.
17
Calculate the highest common divisor of 5850 and 130.
130
What is the highest common divisor of 7 and 21?
7
Calculate the highest common divisor of 59 and 1121.
59
What is the highest common factor of 1738 and 176?
22
Calculate the highest common factor of 11543 and 476.
119
Calculate the greatest common factor of 122 and 3782.
122
Calculate the highest common divisor of 296 and 8.
8
What is the highest common divisor of 44 and 22?
22
Calculate the greatest common factor of 505 and 5.
5
Calculate the greatest common divisor of 56 and 574.
14
What is the greatest common divisor of 7 and 7?
7
What is the greatest common divisor of 861 and 35?
7
Calculate the highest common factor of 105 and 455.
35
Calculate the highest common divisor of 36 and 612.
36
Calculate the greatest common divisor of 374 and 66.
22
What is the highest common divisor of 40 and 33640?
40
Calculate the greatest common divisor of 5 and 1445.
5
Calculate the highest common factor of 990 and 6.
6
What is the highest common divisor of 451 and 41?
41
Calculate the greatest common factor of 31860 and 216.
108
Calculate the greatest common divisor of 124 and 14508.
124
Calculate the highest common factor of 207 and 9591.
69
What is the highest common factor of 81 and 207?
9
Calculate the highest common divisor of 88 and 88.
88
Calculate the greatest common factor of 918 and 12.
6
What is the highest common divisor of 133 and 217?
7
Calculate the greatest common factor of 52 and 39.
13
Calculate the highest common divisor of 51513 and 11.
11
Calculate the highest common factor of 216 and 780.
12
Calculate the greatest common divisor of 9 and 12861.
9
What is the highest common divisor of 10 and 4300?
10
What is the greatest common factor of 393 and 1048?
131
Calculate the highest common divisor of 43 and 7.
1
What is the highest common factor of 190 and 20?
10
What is the greatest common factor of 1035 and 759?
69
Calculate the highest common divisor of 725 and 2117.
29
Calculate the highest common divisor of 5451 and 158.
79
Calculate the greatest common factor of 98 and 70.
14
Calculate the greatest common factor of 306 and 1428.
102
Calculate the greatest common factor of 4620 and 12.
12
What is the highest common factor of 2420 and 88?
44
Calculate the highest common factor of 52 and 338.
26
Calculate the highest common factor of 319 and 58.
29
What is the highest common factor of 80 and 8?
8
What is the highest common divisor of 2244 and 1292?
68
What is the highest common factor of 36 and 18?
18
What is the greatest common divisor of 4360 and 40?
40
What is the greatest common divisor of 329 and 35?
7
Calculate the highest common factor of 1968 and 40.
8
Calculate the highest common divisor of 180 and 420.
60
Calculate the greatest common factor of 1936 and 128.
16
Calculate the greatest common divisor of 790 and 40.
10
Calculate the greatest common factor of 1036 and 111.
37
Calculate the highest common divisor of 9 and 9.
9
What is the greatest common divisor of 2835 and 70?
35
What is the greatest common divisor of 3204 and 180?
36
What is the greatest common factor of 144 and 192?
48
Calculate the greatest common divisor of 5724 and 424.
212
Calculate the highest common divisor of 792 and 204.
12
Calculate the greatest common divisor of 64 and 64.
64
What is the highest common factor of 8 and 538?
2
What is the greatest common factor of 456 and 2850?
114
What is the highest common factor of 281 and 1?
1
Calculate the greatest common factor of 3164 and 672.
28
Calculate the highest common divisor of 688 and 752.
16
Calculate the greatest common divisor of 458 and 20381.
229
What is the highest common divisor of 3 and 363?
3
Calculate the greatest common divisor of 169 and 13.
13
What is the greatest common divisor of 1892 and 1408?
44
Calculate the greatest common divisor of 378 and 3213.
189
What is the highest common divisor of 80 and 340?
20
What is the greatest common factor of 144 and 45?
9
Calculate the highest common factor of 4255 and 115.
115
What is the highest common factor of 48 and 16?
16
Calculate the highest common divisor of 63 and 8334.
9
Calculate the greatest common factor of 93 and 1333.
31
What is the greatest common divisor of 3052 and 28?
28
What is the greatest common factor of 91 and 949?
13
What is the greatest common factor of 427 and 7?
7
What is the highest common divisor of 64827 and 189?
189
Calculate the greatest common factor of 216 and 1512.
216
Calculate the highest common divisor of 512 and 88.
8
Calculate the highest common divisor of 693 and 616.
77
What is the greatest common factor of 4396 and 56?
28
What is the highest common divisor of 145 and 5?
5
Calculate the highest common factor of 2547 and 27.
9
Calculate the greatest common divisor of 30 and 50.
10
Calculate the greatest common factor of 4887 and 27.
27
What is the greatest common factor of 19293 and 177?
177
Calculate the highest common factor of 128 and 12.
4
What is the greatest common divisor of 141 and 705?
141
Calculate the greatest common divisor of 54 and 720.
18
Calculate the greatest common factor of 5263 and 19.
19
Calculate the greatest common divisor of 560 and 784.
112
What is the highest common factor of 15 and 3486?
3
What is the greatest common factor of 341 and 22?
11
What is the greatest common divisor of 48 and 3?
3
Calculate the greatest common factor of 16 and 216.
8
Calculate the highest common factor of 1313 and 13.
13
What is the highest common divisor of 67 and 40334?
67
Calculate the greatest common factor of 352 and 121.
11
What is the greatest common divisor of 56 and 2072?
56
What is the highest common di